 14, what is -2cc + -1a5?
-493
In base 5, what is 11011423 + -10?
11011413
In base 16, what is 1 + -2c288?
-2c287
In base 15, what is -bd + 2dd?
220
In base 3, what is 10010110 + 10102?
10020212
In base 10, what is -30 + -50132?
-50162
In base 12, what is -a - 2260?
-226a
In base 7, what is -2421 - -26?
-2362
In base 11, what is 2206 - 1?
2205
In base 11, what is -4257 - -1?
-4256
In base 9, what is 636626 + 0?
636626
In base 12, what is 201 + -11a0?
-b9b
In base 13, what is 520ba - 4?
520b6
In base 3, what is 11 - 111120211?
-111120200
In base 10, what is -1 - 7895?
-7896
In base 14, what is b6b6 - 2?
b6b4
In base 10, what is 19882 + 1?
19883
In base 11, what is -1174653 - -5?
-1174649
In base 15, what is -5 + -1c620?
-1c625
In base 7, what is -5 - 212246?
-212254
In base 15, what is -9e14 + 7?
-9e0c
In base 2, what is -10100011 - -110010011?
11110000
In base 13, what is 2c - -3c7?
426
In base 6, what is 10502 + 5?
10511
In base 2, what is 1011011110001110010 + 101?
1011011110001110111
In base 6, what is 4 - 3301020?
-3301012
In base 4, what is -230 - 30201220?
-30202110
In base 3, what is 10221122211 + 10?
10221122221
In base 2, what is 1001001010000 + 11?
1001001010011
In base 5, what is -341441 - -30?
-341411
In base 3, what is -122200 + -1002011?
-1201211
In base 16, what is -12b7 + -b?
-12c2
In base 10, what is 1782 + -490?
1292
In base 14, what is -100 + d6b?
c6b
In base 16, what is 12dc - 5?
12d7
In base 3, what is 21022210121121 + -2?
21022210121112
In base 6, what is -3 - -1551512?
1551505
In base 3, what is -1210010102 + 10?
-1210010022
In base 4, what is 2033200 + -120?
2033020
In base 2, what is 1011011011 - -10101001?
1110000100
In base 5, what is -113 + -234314?
-234432
In base 14, what is -941b - 1?
-941c
In base 9, what is -15 - 2305?
-2321
In base 6, what is 2032 - 4?
2024
In base 10, what is -147042 - 9?
-147051
In base 4, what is -1 + 212211131?
212211130
In base 12, what is 2 + 47102?
47104
In base 6, what is 1045 + -10330?
-5241
In base 13, what is -371 + 1cc2?
1951
In base 3, what is 11010021 - 1201?
11001120
In base 10, what is 2 - -385501?
385503
In base 3, what is -121 + -1221212?
-1222110
In base 8, what is 23214 - -10?
23224
In base 16, what is -166b5 - 1?
-166b6
In base 5, what is -120404 + -44?
-121003
In base 6, what is 0 - -2551340?
2551340
In base 7, what is -3626 + -23?
-3652
In base 8, what is 17 - 13327?
-13310
In base 2, what is 0 - 11100001000110001?
-11100001000110001
In base 2, what is 11100101010010 - 0?
11100101010010
In base 7, what is 1502 + 4135?
5640
In base 3, what is -11101122 + -10?
-11101202
In base 15, what is -38b - -1d?
-36d
In base 11, what is 32 - -531?
563
In base 8, what is 4 - 55037?
-55033
In base 6, what is -30250042 + 4?
-30250034
In base 8, what is 3652477 - 1?
3652476
In base 2, what is -1110 + 11011001001111010?
11011001001101100
In base 15, what is -126e0 + d?
-126d2
In base 3, what is 1012100122 + -121?
1012100001
In base 5, what is 142 - 2140134?
-2134442
In base 9, what is -12 - 557055?
-557067
In base 7, what is 351 - -230?
611
In base 3, what is 122201112210 - -1?
122201112211
In base 5, what is 21 + 104212?
104233
In base 15, what is -4 + -90c?
-911
In base 9, what is 8 - 81865?
-81856
In base 9, what is 4042 + -13?
4028
In base 15, what is -5 - -10c14?
10c0e
In base 16, what is 3990 + -27?
3969
In base 2, what is 101110010100111110110 - 100?
101110010100111110010
In base 4, what is -11 - 3300131010?
-3300131021
In base 9, what is -24357 + 36?
-24321
In base 5, what is 3204 - -111?
3320
In base 5, what is 0 - 2303430?
-2303430
In base 10, what is 70 - -6566?
6636
In base 8, what is -33667 - -5?
-33662
In base 13, what is -ac3 + -182?
-c75
In base 6, what is -13432 + -353?
-14225
In base 13, what is -2782a - 8?
-27835
In base 3, what is 101 + 22001022021?
22001022122
In base 13, what is 47c - -45a?
909
In base 2, what is 1001101000001011 - 10110?
1001100111110101
In base 13, what is -27b - 7b5?
-a63
In base 6, what is -1 - 244?
-245
In base 15, what is 331a - -2?
331c
In base 2, what is 10111001010010111 - 100?
10111001010010011
In base 15, what is 19790d - 4?
197909
In base 16, what is -a5f + 2dc?
-783
In base 15, what is 3845 + 12?
3857
In base 5, what is -13 - -103331121?
103331103
In base 4, what is 0 - -1003321031?
1003321031
In base 10, what is -4860 + -33?
-4893
In base 9, what is 38475 + -13?
38462
In base 3, what is 1110011 + 1101001?
2211012
In base 9, what is -4 - -156105?
156101
In base 12, what is 477 - 1a7?
290
In base 9, what is -5 + -188425?
-188431
In base 3, what is 11 + -201110?
-201022
In base 3, what is 2 + 11010020100?
11010020102
In base 4, what is -1303103013 + 10?
-1303103003
In base 3, what is 1 + -11022202121?
-11022202120
In base 13, what is -33 - -8ab?
878
In base 7, what is 463 + -45001?
-44205
In base 12, what is 163 + -6a8?
-545
In base 4, what is 2121132 + 1?
2121133
In base 15, what is -6 - -2c8b?
2c85
In base 9, what is 6732 + 38?
6771
In base 7, what is -1616 - -24?
-1562
In base 6, what is -1114 - 1340?
-2454
In base 5, what is 20 - 12304?
-12234
In base 6, what is -240115 + 213?
-235502
In base 11, what is -5 - -846823?
846819
In base 6, what is -30204332 + -5?
-30204341
In base 13, what is -2 + 16b5c2?
16b5c0
In base 11, what is -507922 + 4?
-507919
In base 16, what is 1754f + 3?
17552
In base 14, what is 66 - 4332?
-42aa
In base 16, what is 178 - -11af?
1327
In base 11, what is -1777a + 0?
-1777a
In base 4, what is 10 - -2123103?
2123113
In base 2, what is -110000101000 + 11000110000?
-10111111000
In base 13, what is -1 - -423c2?
423c1
In base 12, what is 42 + -213b5?
-21373
In base 8, what is -11262030 + -4?
-11262034
In base 13, what is 32 - 396?
-364
In base 11, what is 499 + -10?
489
In base 5, what is 1140 + 144231?
200421
In base 13, what is -170 + 53?
-11a
In base 2, what is -101100011 - 10?
-101100101
In base 5, what is -3 + 432321?
432313
In base 8, what is -4 - -107577?
107573
In base 7, what is 1104 + 114?
1221
In base 11, what is -805483 - -2?
-805481
In base 13, what is -4 + 335a40?
335a39
In base 16, what is -185 - -22?
-163
In base 15, what is 1a3 - 61?
142
In base 5, what is 4 + -230203434?
-230203430
In base 3, what is 2 - -112200010020?
112200010022
In base 8, what is 6740 - -107?
7047
In base 11, what is -30 + -6276?
-62a6
In base 10, what is -9432481 - 1?
-9432482
In base 9, what is 2 - 646?
-644
In base 5, what is 4402032 - 10?
4402022
In base 4, what is -1032 - 2012120?
-2013212
In base 13, what is 45 + 336a?
33b2
In base 14, what is -29117 + -13?
-2912a
In base 12, what is -5 - 20558?
-20561
In base 8, what is 1522 + 305?
2027
In base 12, what is 4 + 1a8a4?
1a8a8
In base 2, what is -11100110110101111 - 100110?
-11100110111010101
In base 14, what is -68 - 909?
-973
In base 10, what is -4 - -1195?
1191
In base 3, what is 101221 + -1020122?
-211201
In base 4, what is 312011 - -1223?
313300
In base 7, what is -150460 - 24?
-150514
In base 16, what is -237 - 2e?
-265
In base 15, what is b03 - 2c9?
829
In base 12, what is -171 + -3b02?
-4073
In base 11, what is 1438 - -385?
1812
In base 2, what is 101110001 + 11111101?
1001101110
In base 8, what is 32165 + 4?
32171
In base 11, what is 1 - 116134?
-116133
In base 12, what is 93b + -44b?
4b0
In base 11, what is -2a211 + -25?
-2a236
In base 8, what is 262042 - -2?
262044
In base 11, what is 31250 + 2?
31252
In base 6, what is -215 - -40?
-135
In base 4, what is -12 - 32223?
-32301
In base 11, what is -97 - 396?
-482
In base 13, what is 2887 + 4?
288b
In base 9, what is 72 - 11702?
-11620
In base 3, what is 12 + -10201111122?
-10201111110
In base 4, what is -333331003 + 10?
-333330333
In base 14, what is b + -10266?
-10259
In base 16, what is -9 - dc0d?
-dc16
In base 11, what is 66 - -468?
523
In base 7, what is -326435 + 35?
-326400
In base 10, what is 242888 - -1?
242889
In base 13, what is 2a1b + -1c?
29cc
In base 11, what is -a87 + -112?
-1099
In base 10, what is 101 + -222?
-121
In base 14, what is -769 + 263?
-506
In base 3, what is 10 + -221110011?
-221110001
In base 6, what is 3202 + -140?
3022
In base 6, what is 3404354 + -31?
3404323
In base 12, what is -6823 + 8?
-6817
In base 9, what is 111 + -13325?
-13214
In base 11, what is -3 - -10117a?
101177
In base 